 -1). Let h(l) = -l + 2. Give h(v).
4
Let w(q) be the first derivative of q**2/2 - 6*q - 7. What is w(3)?
-3
Let i(u) = u + 0*u**2 - 1 - u**2 - 5. Give i(0).
-6
Suppose 4*t - t = y - 4, 8 = 2*y + t. Suppose -y*m + 8 = 0, -3*v + 4*m = -0*v + 23. Let a(o) = -4*o**2 + 5 - o**3 + 7*o + 4*o**3 - 4*o**3. Determine a(v).
-5
Let q(i) = 1 + 5*i - 6*i + 10 + 7*i. Let a(j) = -7*j - 12. Let o(g) = 5*a(g) + 6*q(g). Calculate o(-5).
1
Let b(j) = j**2 - 8*j + 7. Let r be (-6)/(-27) - 11/9. Let t = -2 + -2. Let i be (-7 - (t + 2))*r. Determine b(i).
-8
Let y = -2 + 5. Suppose 17 = y*h + 5*z + 7, 0 = -4*h + z + 21. Let w(o) = -3*o - 10. Let q(d) = -2*d - 9. Let r(j) = -5*q(j) + 4*w(j). Calculate r(h).
-5
Suppose -4*r - 1 - 11 = 0. Let t(y) = -4*y**2 + 2*y + 2. Let d(b) = -3*b**2 + b + 1. Let w(l) = -7*d(l) + 5*t(l). Give w(r).
3
Let q(i) = -i**3 - 3*i**2 + 0*i**3 + 4*i + 0*i**2 + 4. Let c be (3/2)/((-8)/(-48)). Suppose c = 3*g - 6*g. What is q(g)?
-8
Let i(s) = -2*s - 3. Let w(g) = -3*g - 3. Let p be w(-2). Suppose -t + 0*t - p = 0. Let c be (-2)/9*-3*t. Give i(c).
1
Suppose 10*v = 5*v - 2*l - 6, -v - 4*l - 12 = 0. Let s(k) = k**3 - k**2 - 5. What is s(v)?
-5
Let m(y) be the second derivative of y**2/2 - 8*y. Let s = 1 - 2. Let i(t) = -t - 1. Let r(q) = s*i(q) + 4*m(q). Determine r(0).
5
Let k(g) be the first derivative of -7/3*g**3 + 1/4*g**4 - 3*g + 2 + 7/2*g**2. Calculate k(6).
3
Let p(o) = -o**3 + 7*o**2 - 7*o + 6. Let m(n) = -2*n - 8. Let w be m(-6). Suppose 0 = w*h - 0*h - 24. Calculate p(h).
0
Let k(o) = -4*o**2 + 4*o - 10. Let p(c) = c**2 - c + 3. Let g(b) = -2*k(b) - 7*p(b). Let z(y) be the first derivative of g(y). Determine z(3).
5
Let v(m) = m**3 - 6*m**2 + 7*m - 1. Let r(f) = f - 11. Let b be r(10). Let g be 90/(-54)*b*3. Determine v(g).
9
Let h(r) = -7*r**2 + 10*r + 3. Let i(m) = 6*m**2 - 9*m - 3. Let a(u) = -5*h(u) - 6*i(u). Calculate a(5).
-2
Let o(t) be the third derivative of t**4/4 - 2*t**2. Let k = -7 - -11. Let y = -5 + k. Determine o(y).
-6
Let t(c) = -2*c**2 - 2*c - 3. Let o = 18 - 20. Calculate t(o).
-7
Let p(g) be the third derivative of -g**6/720 - 3*g**5/40 - g**4/8 - 6*g**2. Let b(j) be the second derivative of p(j). What is b(-5)?
-4
Let l(m) = -m**2 + 2*m + 2. Let x(g) = g**2 - 4*g - 10. Let r be x(6). Suppose r*n + 3 - 11 = 0. Calculate l(n).
-6
Let p be ((-20)/15*3)/1. Let h(t) be the third derivative of t**4/24 + t**3/6 + t**2. Give h(p).
-3
Let f(d) = d**3 + 6*d**2 + d + 6. Let t be (5/10)/((-2)/24). Let b be f(t). Suppose 1 = m - b. Let l(y) = y. Give l(m).
1
Let i(p) = p**3 - 2*p - p**2 + 4 + 0*p**3 - 2*p. Suppose 4 = -n + 4*h + 7, 4*n - 12 = -5*h. Calculate i(n).
10
Let o(k) = -k**3 + 6*k**2 - 5*k + 4. Let z = 0 + 5. Let s be (-3)/z*(-1 + -4). Suppose -4 = s*w - 19. Calculate o(w).
4
Let f(l) = -3*l**2 + 4*l - 3. Let v be (-1 - 1) + (-45)/(-9). Let q be 0 + 1 - (2 - v). Give f(q).
-7
Let g(y) = 1 - 271*y + 272*y + 0. Let i(m) = -m - 1. Let u(n) = -n**3 - 5*n**2 - 5*n + 1. Let h be u(-4). Let r(a) = h*i(a) + 6*g(a). Determine r(-3).
-2
Let y(d) be the second derivative of 7*d**3/6 + d**2/2 - 2*d. Let g be (3 - 5)*(-1)/2. Let i be (-2)/(6/(2 + g)). Give y(i).
-6
Let j(a) = -3*a - 1. Let v be 4 - (1 + 13 - 4). What is j(v)?
17
Suppose 3*w - 5 = 7. Let s(h) = 2*h**2 - 5*h - 3. Calculate s(w).
9
Let d(u) = 3*u + 0*u + 4*u - 4*u. Calculate d(7).
21
Let i(h) = h**2 + 5*h. Let r be 10/((-2)/(2 + -3 + 2)). Give i(r).
0
Suppose l = -4*o - 2, -4*l - o + 7 = -0*o. Suppose -t = -l*t - 5. Let p(g) = -g**2 - 5*g + 2. Calculate p(t).
2
Let m(b) = b**2 + b - 2. Suppose -24 = -5*a - 9. Give m(a).
10
Let i(q) = -3*q**2 + q + 5. Let f(n) = 3*n**2 - n - 4. Let j(l) = -3*f(l) - 2*i(l). Suppose 3*c - 18 = -3*o, -o + 9 = 2*c + 1. What is j(c)?
-8
Let d(r) = -r**2 + 6*r - 1. Let n(o) = o**3 - 3*o**2 + 4*o - 7. Let c be n(5). Suppose -30 = 4*g - 2*g + 2*k, 2*k = -5*g - c. Let i = g - -16. Determine d(i).
4
Let m(d) = -d**2 - d - 1. Let w(j) = -4*j**2 + 2. Let u(q) = -3*m(q) + w(q). Give u(5).
-5
Let q(m) = -m + 1. Suppose 2*s - 20 = -4*d, -2*s + 0*s - 8 = 0. Determine q(d).
-6
Suppose 0*b + 3*b = 0. Let n(q) = 19*q - 12*q - 8*q + 9. Calculate n(b).
9
Let t(z) = -z**2 - 8*z - 7. Let w be 1/3 + (-4)/3. Let m be w*1/((-3)/(-15)). What is t(m)?
8
Let g(i) = i**3 + i**2 - i - 1. Let o(a) = 3*a**3 - 4*a**2 - a + 4. Let q(h) = 2*g(h) - o(h). Calculate q(5).
14
Let f(d) = -d + 1. Let x(o) = 19*o + 2. Let q(t) = f(t) + x(t). Let r(i) = 6*i + 1. Let l(n) = -3*q(n) + 8*r(n). Let z be -1 - 0/2*1. What is l(z)?
5
Let j(n) = 1 + 1088*n**3 - 2*n**2 + 0 - 1090*n**3. Give j(-1).
1
Suppose -5 = v, 5*f = -v + 2*v + 15. Let i(g) = 2*g**2 + 0*g**2 - 2 - g - 2*g**f + g**3. Give i(2).
4
Let l(z) = 2*z**3 + z**2 - z. Suppose -2*r = 2*r - 20. Let n(a) = -a - r*a + 4*a. Let w be n(1). Give l(w).
-10
Let i(s) = 2*s - 3. Suppose -6*r = -32 + 8. Determine i(r).
5
Let z(b) be the third derivative of -31*b**5/60 + b**4/24 - 41*b**2. Determine z(1).
-30
Let n(s) = 5*s**2 - 3*s - 1. Suppose -h = -4*h - 12. Let u(p) = -6*p**2 + 3*p + 1. Let t(x) = h*u(x) - 5*n(x). Determine t(5).
-9
Let g(x) = -5*x + 3. Let y(r) = 6*r - 2. Let v(p) = -2*g(p) - 3*y(p). Let t = 10 + -6. Suppose 5*o - 15 = -t*f, -4*o + 5*o = -4*f + 19. Calculate v(o).
8
Suppose 2*m + 10 = -h, -22 - 3 = 5*m. Let x(j) = -j - 4. Determine x(h).
-4
Let m(k) = -2*k. Let o(j) = 2*j. Let c(l) = 5*m(l) + 6*o(l). Let p be c(3). Let r(w) = w - 6. Determine r(p).
0
Let l(p) = -3*p - 1. Suppose r - 3 = -2*r. Let k(v) = -v - 3. Let x be k(-6). Let z = x - r. What is l(z)?
-7
Let s(o) = -25*o**3 + o**2 - 3*o - 3. Let k(a) = 26*a**3 - a**2 + 4*a + 4. Let u(y) = -3*k(y) - 4*s(y). Determine u(1).
21
Let g(s) = s**3 + s**2 - 1. Suppose 0 = 3*m - 4 - 14. Let j(b) = -5*b**3 - 7*b**2 + b + 5. Let z(l) = m*g(l) + j(l). Let r = -7 - -7. Calculate z(r).
-1
Let b(s) = -2*s**2 + 1. Let l(d) = -5*d**2 - 7*d + 6. Let a(x) = -3*b(x) + l(x). Let m be (1 - 0) + 5*1. Determine a(m).
-3
Suppose 0 = -6*y + y. Suppose 3*f + 3 - 4 = 4*j, y = 2*f - 6. Suppose j = -4*t - 14. Let b(v) = -v**2 - 4*v - 3. Calculate b(t).
-3
Let k = -2 + 2. Let h be k*(15/(-6))/(-5). Suppose h*i - 2*i = 0. Let t(x) = x + 9. What is t(i)?
9
Let v(r) = 1 - r**3 + 2 + 5*r**2 + 2*r**3 + 10*r - 15*r. Determine v(-6).
-3
Let p(w) = -5*w**3 - 3*w**2 - 5*w + 2. Let x(n) = -4*n**3 - 4*n**2 - 5*n + 2. Let o = 5 - 1. Let m(s) = o*x(s) - 3*p(s). Give m(-6).
-4
Let a(i) = -2*i - 8. Let v be (1 - -2 - 3) + -3. Let t(c) = 2*c**3 + 3*c**2 + 2*c + 3. Let q be t(v). Let l be (36/q)/(2/10). Determine a(l).
4
Let p(c) = 2*c + 2. Suppose 3*o = 8 + 4. Let k = -2 + o. What is p(k)?
6
Let j(n) = -n + 5. Let k be j(4). Let u(z) = 6*z**2 + z. What is u(k)?
7
Let u(w) = w**3 + 8*w**2 + 5*w + 3. Let o(c) = c**3 - 8*c**2 - 10*c + 2. Let f be o(9). What is u(f)?
17
Let q(a) be the first derivative of a**4/4 - 5*a**3/3 - a**2 + 6*a - 23. Calculate q(5).
-4
Let d(o) = -o**3 - 5*o**2 + 7*o + 8. Let m be d(-6). Let l(a) = 5*a - 2. Let n(z) = z. Let v(h) = l(h) - 4*n(h). Calculate v(m).
0
Let t(d) = 3*d**3 - d**2. Let z = 6 + -8. Let b be (-8)/(-4) - 2/z. Suppose 0 = 2*m - 1 + 5, -b*p - 2*m = 1. What is t(p)?
2
Let m(g) = -g**3 - g**2 + 6. Let t(j) = 2*j**3 + 2*j**2 - 3*j + 2. Let a be t(-2). What is m(a)?
6
Let s(g) be the first derivative of -g**2/2 + 6*g - 8. What is s(6)?
0
Let n(j) be the second derivative of j**3/6 + 5*j. Let k be n(0). Let x(a) = a**2 + a + 2. What is x(k)?
2
Let z(l) = -10*l**2 - 14*l - 27. Let y(s) = 7*s**2 + 9*s + 18. Let d(r) = -7*y(r) - 5*z(r). Determine d(-6).
3
Suppose -4*u + 6*g + 24 = 10*g, 4*g = -u + 15. Let c(m) be the third derivative of m**5/60 - 5*m**4/24 + 2*m**3/3 - 2*m**2. What is c(u)?
-2
Let a(q) = q**2 - 10*q - 17. Let r be a(11). Let t(p) = -2*p + 7. Give t(r).
19
Suppose 9 = u - 2*y, -y + 14 = u - 4*y. Suppose g + 2*g - 6 = 0. Let b(d) = 1 - d - d - g + 4*d**2. What is b(u)?
5
Let c(f) = f**2 - 4*f. Let b(q) = 2*q**2 - 3*q + 3. Let h be b(2). Let x(n) = 3*n**2 - n + 5. Let l be x(h). Let w be -2*(l/6)/(-5). Give c(w).
5
Let g = 22 - 19. Let r(v) = -4*v + 0*v + g*v + 3*v. Calculate r(-3).
-6
Let k(w) be the first derivative of -9*w**4/4 + w**3/3 + w**2/2 - w - 8. Calculate k(1).
-8
Let q(h) = -h + 1. Let v(x) = -21*x + 15. Let f(j) = -15*q(j) + v(j). Determine f